
-14
Let u(v) = -2*v + 15. Give u(14).
-13
Let u(g) = -g**3 - 43*g**2 - 2*g - 75. Determine u(-43).
11
Let v(r) = r**3 - 4*r**2 + 10*r - 17. Give v(3).
4
Let x(y) = -20*y + 1. Determine x(2).
-39
Let r(c) = 10*c + 10. Give r(-1).
0
Let j(k) = -k**2 - 42*k - 147. Calculate j(-38).
5
Let t(c) = -11*c**3 + 2*c**2 + 2*c + 1. Calculate t(-1).
12
Let h(t) = -t**3 + 5*t**2 + 5*t + 7. What is h(6)?
1
Let d(n) = -4*n + 12. Determine d(8).
-20
Let k(l) = 2*l - 5. Calculate k(5).
5
Let q(w) = -w**2 + 9*w - 10. Determine q(8).
-2
Let l(u) = u**2 + 5*u. Give l(-4).
-4
Let m(j) = -j**3 - 9*j**2 - 4*j - 2. Determine m(-8).
-34
Let i(h) = -27*h + 142. What is i(5)?
7
Let k(q) = -11*q + 4. Give k(3).
-29
Let n(o) = -o**3 + 17*o**2 + 20*o - 45. Determine n(18).
-9
Let t(y) = -6*y**3 + 2*y**2 + 18*y - 19. Calculate t(1).
-5
Let m(t) = -7*t**2 + t + 4. Give m(4).
-104
Let s(o) = -8*o**2 - 11*o + 11. Determine s(1).
-8
Let i(r) = r**2 - 17*r. Give i(15).
-30
Let i(l) = -l**3 + 2*l - 3. What is i(2)?
-7
Let o(c) = -c**3 + 4*c**2 + 25*c - 83. Calculate o(6).
-5
Let f(c) = c**3 + 7*c**2 + 8*c + 8. Determine f(-5).
18
Let i(f) = -f**2 - 14*f - 44. Calculate i(-5).
1
Let g(x) = x**2 + 9*x - 17. Give g(-9).
-17
Let s(d) = d**3 + 11*d**2 - 2*d - 5. What is s(-11)?
17
Let w(o) = 2*o**3 - o**2 - 7. What is w(4)?
105
Let o(i) = -i**2 + 12*i - 18. Determine o(9).
9
Let a(m) = -9*m + 20. What is a(-3)?
47
Let w(h) = -h**3 - 10*h**2 + 4*h + 14. Give w(-10).
-26
Let s(o) = o**3 + 8*o**2 + 10*o - 4. Give s(-3).
11
Let c(n) = 12*n + 7. Calculate c(-2).
-17
Let d(x) = -x**2 - 14*x - 19. Determine d(-13).
-6
Let b(o) = o**2 + 6*o + 5. Determine b(-2).
-3
Let j(s) = 2*s**3 - s**2 - 2*s - 1. What is j(-1)?
-2
Let f(q) = q**3 - 12*q**2 - 10*q - 34. Give f(13).
5
Let j(k) = -k**2 + 11*k - 23. Give j(17).
-125
Let c(x) = x**3 - 9*x**2 + 7*x - 9. Give c(8).
-17
Let k(w) = 4*w**2 - 9*w - 14. What is k(5)?
41
Let q(v) = -3*v + 22. Give q(16).
-26
Let g(m) = -m**2 + 16*m - 35. Give g(20).
-115
Let s(q) = 2*q**2 + 6*q + 7. Determine s(-3).
7
Let i(c) = -c**3 + 15*c**2 + 20*c - 77. Calculate i(16).
-13
Let m(p) = p**2 + 14*p - 7. What is m(-15)?
8
Let f(i) = -2*i + 14. Determine f(4).
6
Let v(m) = m**2 + 4*m - 6. Calculate v(-5).
-1
Let j(x) = x**2 - 14*x + 9. Give j(12).
-15
Let i(t) = 57*t + 3. What is i(-1)?
-54
Let u(n) = -2*n - 8. What is u(-2)?
-4
Let z(o) = -o**2 + 4*o - 6. Calculate z(0).
-6
Let k(p) = -8*p - 143. Determine k(-19).
9
Let d(t) = -14*t**2 - t + 5. Give d(-3).
-118
Let s(i) = -i**3 + 10*i**2 - 10*i + 1. Determine s(9).
-8
Let g(f) = f**3 + 2*f**2 - 3*f - 6. Give g(-4).
-26
Let z(s) = 10*s - 3. What is z(0)?
-3
Let g(k) = 4*k**3 + 2*k**2 - k + 1. Determine g(-2).
-21
Let x(m) = -4*m + 1. Give x(-14).
57
Let r(q) = 5*q - 1. What is r(5)?
24
Let g(x) = x**3 + 12*x**2 + 10*x + 8. What is g(-11)?
19
Let x(i) = -i**2 - 6*i. Give x(-7).
-7
Let z(a) = -10*a + 2. Determine z(1).
-8
Let j(c) = c**3 - 11*c**2 - 11*c + 12. Calculate j(12).
24
Let y(o) = -o**2 - 2*o - 82. Determine y(0).
-82
Let o(c) = -c**2 + c + 20. What is o(5)?
0
Let o(r) = -2*r - 29. Calculate o(-6).
-17
Let z(k) = k**2 - 9*k + 2. Give z(7).
-12
Let t(l) = 3*l**3 + 3*l**2 + 7*l + 7. Determine t(-2).
-19
Let c(w) = w**2 + 71*w + 256. Give c(-4).
-12
Let w(v) = v**2 - 8*v - 13. Calculate w(9).
-4
Let q(t) = t**3 - 7*t**2 + 38*t - 264. Determine q(7).
2
Let o(k) = -36*k**3 - k**2 - k - 1. Calculate o(-1).
35
Let s(i) = 8*i**2 - 2*i - 1. What is s(-1)?
9
Let s(r) = r**3 + 12*r**2 - 11*r + 20. Determine s(-13).
-6
Let r(y) = y**3 - 16*y**2 - 40*y - 24. Calculate r(18).
-96
Let p(r) = r**2 + 2*r - 1. Determine p(-2).
-1
Let y(k) = -3*k - 8. What is y(-7)?
13
Let d(r) = 2*r**2 + 2*r + 3. Determine d(-2).
7
Let d(b) = -b**2 + 5*b + 16. Calculate d(7).
2
Let m(r) = -19*r - 317. What is m(-16)?
-13
Let k(y) = y**2 - 9*y + 10. What is k(7)?
-4
Let s(t) = t**2 - 10*t - 4. Determine s(4).
-28
Let w(c) = c**2 + 7*c - 4. Give w(-6).
-10
Let f(h) = h + 11. What is f(-11)?
0
Let o(j) = -2*j**2 + 9*j - 1. What is o(6)?
-19
Let w(c) = c**2 + 5*c - 34. What is w(-7)?
-20
Let t(l) = 3*l**3 + 45*l**2 - 2*l - 27. What is t(-15)?
3
Let c(x) = 3*x + 15. Give c(-13).
-24
Let d(r) = r**3 - 7*r**2 - r + 2. Give d(3).
-37
Let i(y) = y**3 - 3*y**2 + 8*y - 7. Calculate i(3).
17
Let z(p) = p**2 + 24*p - 26. Give z(-25).
-1
Let p(r) = -r**2 - 12*r - 2. Calculate p(0).
-2
Let g(x) = -x**2 + 13*x + 90. Give g(18).
0
Let b(w) = w**2 - 11*w + 9. Give b(9).
-9
Let d(v) = -2*v - 6. Give d(-7).
8
Let z(x) = x**2 - 12*x - 10. Calculate z(12).
-10
Let d(z) = 2*z**3 - 2*z**2 + 2*z + 2. What is d(-2)?
-26
Let c(t) = -8*t**3 + 12*t + 8. Determine c(-3).
188
Let t(r) = -60*r + 36. Give t(3).
-144
Let x(o) = -52*o**3 - 3*o**2 + 1. What is x(-1)?
50
Let h(d) = d**3 + 6*d**2 + 4*d - 13. What is h(-5)?
-8
Let w(p) = -p**3 - 7*p**2 + p + 1. Give w(-7).
-6
Let t(z) = -z**2 - 7*z + 101. What is t(7)?
3
Let d(f) = -2*f**3 - 16*f**2 - 20*f + 15. What is d(-6)?
-9
Let h(r) = -2*r**2 + 6*r + 5. Calculate h(-1).
-3
Let v(x) = -29*x**2 - 1. Determine v(1).
-30
Let r(x) = -3*x + 4. What is r(3)?
-5
Let r(k) = 8*k**3. Give r(-1).
-8
Let g(v) = 27*v**3 + v**2. Calculate g(-1).
-26
Let r(z) = 9*z - 62. Determine r(7).
1
Let y(s) = s + 2. Give y(4).
6
Let u(o) = -o**2 + 7*o + 17. Determine u(-5).
-43
Let n(o) = 3*o**3 + 4*o**2 + o + 2. Determine n(-3).
-46
Let v(m) = -m**3 - 4*m**2 - 4*m - 17. Determine v(-4).
-1
Let v(i) = -i**3 - 2*i**2 - 9. Determine v(0).
-9
Let f(t) = t**3 + 6*t**2 + 12*t + 69. Determine f(-6).
-3
Let c(i) = 44*i - 41. Give c(1).
3
Let h(i) = 4*i**2 + 1. Determine h(-1).
5
Let t(x) = x**2 - 10*x - 10. What is t(10)?
-10
Let o(s) = s**3 - 4*s**2 - s - 3. Calculate o(4).
-7
Let d(w) = w**3 - 5*w**2 + 3*w + 2. Determine d(4).
-2
Let w(b) = -b**2 + 6*b + 15. Calculate w(7).
8
Let u(h) = -2*h + 8. Determine u(-11).
30
Let b(q) = -q**2 + 7*q. Calculate b(8).
-8
Let b(m) = -m**3 - 20*m**2 - 16. Calculate b(-20).
-16
Let s(p) = -p**3 - 21*p**2 - 38*p + 8. Determine s(-19).
8
Let q(i) = -i**3 - 8*i**2 + 7*i + 7. What is q(-8)?
-49
Let q(p) = -9*p + 17. Give q(1).
8
Let s(p) = 10*p - 94. What is s(9)?
-4
Let y(a) = -11*a - 17. Calculate y(-2).
5
Let h(j) = -j**2 + 3*j + 12. Calculate h(5).
2
Let m(z) = -62*z + 154. Give m(3).
-32
Let s(j) = -j**2 - 13*j - 36. Determine s(-9).
0
Let o(w) = w**3 + 12*w**2 + 12*w - 11. Determine o(-11).
-22
Let q(i) = i**2 + 4*i - 6. Give q(-4).
-6
Let p(h) = 5*h**2 + 25*h - 1. Calculate p(-7).
69
Let f(h) = -106*h + 751. Give f(7).
9
Let b(a) = a**2 + 24*a - 19. Give b(-19).
-114
Let w(u) = -59*u + 5. Calculate w(2).
-113
Let z(p) = p**3 - 10*p**2 + 2*p + 2. Give z(10).
22
Let q(t) = t**3 - 7*t - 6. Determine q(-2).
0
Let q(n) = n**2 + 11*n - 36. What is q(6)?
66
Let r(o) = o**3 - o**2 - 4*o. Calculate r(-2).
-4
Let m(f) = f**2 - 4*f - 31. Determine m(8).
1
Let y(c) = -c**2 + 22*c - 115. Determine y(10).
5
Let t(d) = -8*d - 5. What is t(-4)?
27
Let d(m) = -m**2 - 12*m - 22. Give d(-9).
5
Let x(v) = v**2 - 8*v + 6. Calculate x(4).
-10
Let a(y) = 318*y + 1905. Determine a(-6).
-3
Let r(j) = 3*j - 3. What is r(6)?
15
Let g(u) = 5*u + 158. Determine g(-32).
-2
Let n(r) = r**3 + 17*r**2 - 2*r - 27. Determine n(-17).
7
Let a(j) = -j - 23. Determine a(-13).
-10
Let g(r) = r**3 - 8*r**2 - 10*r + 1. Calculate g(9).
-8
Let x(p) = p**3 - 10*p**2 - 9*p - 12. Calculate x(11).
10
Let d(a) = -7*a**2 - 53*a - 7. Give d(-8).
-31
Let z(b) = -b**2 + 6*b - 6. Determine z(4).
2
Let v(m) = -2*m**2 - 9*m + 15. Give v(-6).
-3
Let k(p) = -p**3 + 10. Calculate k(0).
10
Let q(j) = j**2 + 10*j + 10. Calculate q(-8).
-6
Let j(n) = -5*n**3 - n**2 + 1. Calculate j(1).
-5
Let k(c) = -c**2 - 10*c + 5. Determine k(-10).
5
Let o(g) = 3*g**2 + 227*g + 146. What is o(-75)?
-4
Let j(s) = s**3 + s**2 - s + 21. Calculate j(0).
21
Let n(u) = 7*u - 39. What is n(7)?
10
Let d(x) = x**3 + 5*x**2 - 8*x - 8. Give d(-6).
4
Let p(g) = -3*g + 5. Calculate p(-6).
23
Let t(u) = -5*u**3 + u**2 + 2*u - 6. Calculate t(2).
-38
Let h(g) = -5*g + 3. Give h(1).
-2
Let v(b) = 2*b**3 + 28*b**2 + 26*b + 9. What is v(-13)?
9
Let b(y) = -y**3 + y**2 + 5*y - 7. Determine b(3).
-10
Let l(r) = -r + 1. Give l(-1).
2
Let u(d) = -d**3 + d**2 - d - 16. What is u(0)?
-16
Let f(t) = -t**3 + 11*t**